et o be (-1920)/25 - (-3)/(-30)*2. Let p = 155 - o. What is the units digit of p?
2
Suppose 5*z + 2620 = 5*j, -8*z = 4*j - 11*z - 2100. What is the hundreds digit of j?
5
Suppose 0 = 3*q - 9 - 0. Suppose 3 = -2*k + q*s, -4*k - 2*s + 18 = -0*k. Suppose -2*l + k*l - 24 = 0. What is the units digit of l?
4
Suppose 0*a - 3*a - 2 = 2*t, 2*a - 6 = -5*t. Let w = 10 + a. What is the units digit of (w/(-24))/(1/(-15))?
5
Suppose l + 2*k = -0*k - 7, l - 4*k - 23 = 0. Suppose 4*d - 396 = -0*d. What is the units digit of (d/(-6))/l*-2?
1
Suppose 3*i = 3*c - 267, -2*i = c + 3*c - 332. What is the tens digit of c?
8
What is the units digit of 333/(-18)*-37*2?
9
Suppose 4 = -q, 3*q = 3*u - 0*u - 57. Let c = 52 + -15. Let x = c - u. What is the units digit of x?
2
Suppose 4*v = -4*a - 8, -2*v + 8*a - 4 = 3*a. Let o be 2/1 - 276/v. Let m = -95 + o. What is the tens digit of m?
4
Suppose -2636 - 640 = -6*n. What is the units digit of n?
6
Let c(n) = -2*n + 4*n + 3*n - 3*n + 2. Let p(w) = -w. Let m(k) = c(k) + 5*p(k). What is the tens digit of m(-4)?
1
Let o(f) = 15*f**2 + 6*f + 3. What is the tens digit of o(-6)?
0
Let v be ((-60)/25)/(4/(-10)). Suppose -v + 0 = -3*z. Suppose 0 = -2*w + w + 4*a + 24, 2 = 3*w + z*a. What is the units digit of w?
4
Let o(i) = -i + 635. What is the hundreds digit of o(0)?
6
Let u(c) = -14*c - 7. Let z(s) = -5*s + 6. Let a be z(4). Let h be (-12)/(-28) - (-62)/a. What is the tens digit of u(h)?
4
Suppose y - m + 6*m - 868 = 0, -2*m - 2621 = -3*y. What is the tens digit of y?
7
Let h(u) = -u**3 - 12*u**2 - 3*u + 47. What is the tens digit of h(-12)?
8
Let h be 4/(-10)*50/(-2). Let b = h - 5. Suppose -b*q + q = -64. What is the tens digit of q?
1
Let k = 523 + -243. What is the hundreds digit of k?
2
Let h = -73 - -557. What is the units digit of h?
4
Suppose -55*r + 58*r = 12. Suppose -y + 4*y = -r*k + 195, 2*y = k + 119. What is the units digit of y?
1
Let g(i) = -5*i - 21. Let u be g(-5). Suppose u*q - 120 = q. What is the tens digit of q?
4
Let l(z) = 388*z. What is the hundreds digit of l(10)?
8
Let p = 0 - 6. What is the units digit of (p + 4)*93/(-6)?
1
Let g = 52 - 48. Suppose -g*a = -5*k - 371, -2*k - 362 = -5*a + a. What is the units digit of a?
9
Let i(m) = 3 + 2*m + 3*m - m. What is the units digit of i(4)?
9
Suppose -o + 77 = 2*n, -5*n + 2*o + 197 + 18 = 0. Let h = n - 20. What is the tens digit of h?
2
Let d(z) = 9*z**2 - 2*z - 3. Suppose -4*j - l - 3*l = -4, -2*j - 3*l = 0. What is the units digit of d(j)?
2
Let n = -1260 - -2400. What is the thousands digit of n?
1
Suppose -a + 5*a = -8. Let m be (-12)/((-18)/8 - a). Suppose -k - 3*o + 20 = 0, k + k = 2*o + m. What is the units digit of k?
3
Let b = 1939 - 1469. What is the tens digit of b?
7
Let t(y) = 208*y - 4. What is the hundreds digit of t(3)?
6
Let m = 2245 + -2229. What is the tens digit of m?
1
Let w = -75 - -75. Suppose -13*l + 12*l + 115 = w. What is the tens digit of l?
1
Let a(n) = -2*n**2 + 4*n + 11. Let j be a(6). Let t = j + 138. Suppose 67 + t = 4*p. What is the tens digit of p?
4
Suppose 2*g + 23575 = 5*j - g, 5*j - g - 23575 = 0. What is the thousands digit of j?
4
Suppose -652 = -7*x + 398. Let r = 310 - x. What is the units digit of r?
0
Suppose -3*t = -j + 31, t + 2*j = -2*t - 37. Let r(k) = k**2 - 13*k + 12. What is the units digit of r(t)?
6
Suppose 0 = -7*z + 5 + 16. Suppose -z*w + 4*s - 6 = -246, w + 2*s - 90 = 0. What is the tens digit of w?
8
Let n = -515 - -554. What is the tens digit of n?
3
Let m(c) = c**2 + 12*c - 23. What is the tens digit of m(-18)?
8
Let t = 3044 + -2058. What is the tens digit of t?
8
Suppose 2*z - y = z + 522, 25 = -5*y. What is the tens digit of z?
1
Suppose -562 = 2*y + 36. What is the tens digit of y/(-5) - (-64)/(-80)?
5
What is the tens digit of 673*(4/(-10))/((-32)/80)?
7
Let l be (0 - 12/(-9))*7125/(-5). What is the hundreds digit of 2 + l/(-16) + (-6)/8?
1
Let k(h) = -h**2 - h + 1. Let g(x) = 3*x - 2. Let d(m) = -g(m) - k(m). Suppose 4 = -2*q - 2*b, -5*q = 3*b + 7 + 5. What is the units digit of d(q)?
6
Let t(s) = -4*s + 5. Let b be t(4). Let o(r) = -r**3 - 12*r**2 - 14*r - 14. What is the tens digit of o(b)?
1
Let j(q) = -q - 6. Let h = -16 + 28. Let n be -1 - h/2*1. What is the units digit of j(n)?
1
Suppose -2*g + 6*g - 138 = -2*l, -3*g = -2*l + 117. Let h = l + 31. What is the tens digit of h?
9
What is the thousands digit of (150/12)/(-25)*-3740?
1
Let d be 3 - (785/(-5) - -4). Suppose 3*n - m = 2*m + d, -5*m + 163 = 4*n. What is the tens digit of n?
4
Let r(a) = -2*a**3 - 3*a**2 + a - 2. Let b be r(-3). Suppose -b = -s - 3*z, -s = 2*s - 2*z - 11. What is the units digit of s?
7
Let c be (160/(-24))/(1/3). Let t be c/(-8)*(-8)/5. Let w(u) = -u**3 - 2*u**2 - 2*u + 7. What is the units digit of w(t)?
7
Suppose -2*m - 17 = -2*k + 23, -5*k + 2*m = -97. Suppose -200 = 14*u - k*u. What is the tens digit of u?
4
Suppose 70*s - 10945 = 59*s. What is the units digit of s?
5
Suppose r + 13*a - 14*a = 578, 5*r = -5*a + 2910. What is the tens digit of r?
8
Suppose 0 = 2*g + 4, -56 - 46 = -2*n + 4*g. Let d = n + -28. Let o = d - -5. What is the units digit of o?
4
Let z be ((-60)/(-90))/((-4)/498). Let p = 131 - z. What is the hundreds digit of p?
2
Let t = -87 + 124. Let g = t + -13. What is the tens digit of g?
2
What is the hundreds digit of (-14781)/(-18) + -4*1/24?
8
Let x = -90 - -88. Let k(u) = -17*u**3 - u**2 + 3*u + 4. What is the tens digit of k(x)?
3
Suppose 10*v - 6 = 7*v. Let p = v - 3. Let z = 7 - p. What is the units digit of z?
8
Suppose -13*g + 14*g = 683. What is the units digit of g?
3
Let p = 455 - 15. Suppose -p = -5*w + 145. What is the units digit of w?
7
Let q(j) = -2*j + 1. Let g be q(6). What is the units digit of 92/2 - (8 + g)?
9
Suppose 182*r = 164*r + 77562. What is the tens digit of r?
0
Let j(g) = -3 - 2 - g**3 + 83*g**2 + 25*g - 95*g**2. What is the tens digit of j(-15)?
9
Suppose 5*f = 2 + 3, -4*o + 2*f + 306 = 0. Suppose 5*n - 68 = o. Suppose 3*g + 5 - n = 0. What is the units digit of g?
8
Let j = 11 - 8. Suppose 2*y - j*w = 3 - 17, -2*w + 5 = 3*y. What is the tens digit of y - -16 - 0/13?
1
Let a(s) = -s**3 - 10*s**2 + 9*s + 31. What is the units digit of a(-13)?
1
Suppose -6*s + 9*s + 4*a = 11, 3*a = -3*s + 12. Let x(d) = -d**2 + 7*d - 8. What is the units digit of x(s)?
2
Suppose 0 = -6*m + 82 + 1898. Let h = 570 - m. What is the hundreds digit of h?
2
Let u = 593 + -283. What is the units digit of u?
0
Suppose 0 = 2*p + 2*i - 5*i - 353, -2*i = 3*p - 510. What is the hundreds digit of p?
1
Suppose 0 = 4*x, -w - 2*x = -x. Suppose 5*c = 3*q - w*q + 24, 4*c + 5*q = -3. Suppose z = 2*a - 57, -2*z + 3*z = -c. What is the units digit of a?
7
Suppose 0 = 4*r - a - 9, -2*r - 4*a = -2*a - 12. Let u be (-11 - 4/4) + r. What is the tens digit of 12/4*(-57)/u?
1
Let r = -3670 - -7024. What is the units digit of r?
4
Let s(d) = d**3 - 4*d**2 - 3*d - 7. Let f be s(5). Suppose 2*a = -f*z - 22, 13 = -a - 2*z - 0*z. Let r = 19 + a. What is the units digit of r?
4
Let u(o) = -9*o. Let n(s) = 4*s. Let w(c) = -7*n(c) - 3*u(c). Let h be w(4). What is the units digit of ((-297)/18)/(3/h)?
2
Let a = -187 - 15. Let x = a - -295. What is the units digit of x?
3
Let y = -741 - -1420. What is the hundreds digit of y?
6
What is the units digit of (-80)/(-50)*(-1370)/(-4)?
8
Suppose 5*w - g - 4722 = 1822, -2*w - 4*g + 2622 = 0. What is the thousands digit of w?
1
Let j(v) = -2*v + 9. Let n be j(8). Let c be n - -8 - 38/(-2). Suppose -c = 5*u, u - 15 = -3*s + 23. What is the tens digit of s?
1
Let v(r) = 58*r + 4. Let y be v(2). Let b = -82 + y. What is the units digit of b?
8
Let c be 4 + (-1)/(-3)*6. Suppose -2 + 20 = c*x. What is the units digit of x?
3
Let t(o) = -o**2 - 10*o + 12. Let a be t(-11). Let d be (4 - a) + 91/7. What is the tens digit of 4*12/d + 14?
1
Suppose -150 = -6*o + o. Let u = o + -29. What is the tens digit of (9/(-2))/(u/(-6))?
2
Suppose 2*l + 10 = -3*z, -l + 3*z + 14 = l. Let c(h) = 81*h**3 - h**2 - 2*h + 2. What is the tens digit of c(l)?
8
Suppose 5*u - 1393 = -2*b, 3*u + u - 689 = -b. What is the hundreds digit of b?
7
Let x(r) = -2*r + 25. Let a be x(9). Suppose 5*b - 3*t + 220 = a*b, 2*t = 3*b - 304. What is the hundreds digit of b?
1
Let d(o) = 14*o - 21. Let r be d(-11